0 = -2*g - g - v - 7, -2*v = 2*g + 10. Let t(q) = 7217*q - 7. Let d(l) = -7218*l + 7. Let u(x) = -5*d(x) - 6*t(x). Is u(g) composite?
False
Let i = 2377 - 1410. Suppose -15 - 53 = -17*h. Suppose -h*d + i = 4*n + n, -2*d + 388 = 2*n. Is n a composite number?
False
Let k be -1 - (8296/6 + 2/6). Let z = k + 4089. Is z a prime number?
False
Let r(j) = 1 - 728*j**2 + 6 + 727*j**2 - 2*j**3 - 23*j. Is r(-27) prime?
False
Suppose 3*n - 4*d - 12353 = 0, 2*d + 2*d = 16. Suppose -4*y = -6009 - n. Is y a composite number?
True
Suppose 23*z + 4 - 4 = 0. Suppose z = -10*g + 22595 + 12315. Is g a prime number?
True
Let q(i) = 20 + 1395*i - 17 + 4. Is q(4) a composite number?
True
Suppose -2*b - 2*v = 5468, 4*b = 3*b + 2*v - 2743. Let i be (-8)/((-30)/12 - -3). Is (-12)/i - b/4 a prime number?
False
Let h be (7 - 152/24)/(1/3). Suppose -3*w + w = h*c - 21950, -4*c + 8 = 0. Is w a prime number?
True
Suppose 0 = 305*p - 35109099 + 9075458 - 19348224. Is p prime?
True
Let u(t) = -t + 17. Let y be 4 - 5/((-10)/(-8)). Let g be u(y). Is (-3812)/(-6) + g/(-51) prime?
False
Suppose 3*z = 2*g - 194, 0 = 4*z + 5*g + 65 + 186. Let b = -62 - z. Is (b/2 - (-4)/(-6))*1257 prime?
True
Suppose 580*s + 544 = 576*s. Is s*(-1 + 33/(-6)) + 5 prime?
False
Let s(p) = -18*p**3 - 8*p**2 + 102*p + 19. Is s(-16) a prime number?
True
Suppose 2*v + 204 = 214. Suppose -3*d + 147394 = 5*o, -4*o + 26636 = -v*d - 91257. Is o a prime number?
False
Let n(v) be the first derivative of 227*v**2/2 + 156*v + 166. Is n(5) composite?
False
Suppose -3*j + k + 661 = j, -k = 5*j - 824. Let o = j + 19. Let n = 139 + o. Is n a prime number?
False
Let p be (-2 - (-59683)/4) + (-45)/60. Let y = -10215 + p. Is y a prime number?
True
Let n(z) = -z**3 + 5*z**2 + 9*z - 10. Let s be n(6). Suppose -s*b - 6 = -6*b. Is b/(3 - 1896/631) composite?
False
Suppose -4*i - i - 30 = 5*h, -7*h = -5*i - 30. Let m = 10 - 0. Suppose h*t - 5420 = -m*t. Is t a composite number?
True
Let o(h) = -5172*h - 3747. Is o(-15) prime?
False
Suppose -4*c - 5*m + 635788 = 0, 11*m - 794735 = -5*c + 12*m. Is c a composite number?
True
Let p = 2678 - 907. Suppose -3*i - 3517 = -2*u, -u + p = -0*i + i. Is u prime?
False
Suppose -3920787 = -52*w - 109533 + 3368230. Is w a prime number?
False
Suppose 0 = 3*r + 9, -2*x + 1 - 4 = r. Suppose x = -55*m + 51*m + 9332. Is m a prime number?
True
Let a(j) = 11 + j**2 - 10*j + 0 + 4. Let n be a(8). Is 3 + n - (-4 - 72 - -1) composite?
True
Suppose 3*n + 4*l = 55989, 0 = 9*n - 2*l - 90570 - 77481. Is n composite?
False
Suppose -16*w + 2090865 = 653436 - 1580219. Is w a prime number?
True
Let w be 11*1137 + -14 + 19. Suppose -5*l = 5*a - 31290, 5*a - 2*l = 3*a + w. Is a a prime number?
True
Suppose 3819403 = 5*v + 4*q, -2*v + 2*q + 1566348 - 38594 = 0. Is v a composite number?
False
Let m(z) be the second derivative of -269*z**4/12 - 5*z**3/3 - z**2 + 38*z. Let r be m(-4). Is (-1)/7 - r/21 a composite number?
True
Suppose 5*r = 78 - 33. Let x be (r/6)/((-4)/(-8)). Suppose -s - 3770 = -x*f, -3*s = f - s - 1259. Is f a composite number?
True
Suppose 2*t - 4 - 4 = 0. Suppose 144 = t*y - 4*s, 2 - 43 = -y + 2*s. Suppose -5*u + 1064 = -y. Is u composite?
True
Suppose -22680 = -5*m + 4*i, 2*i + 3*i = 0. Let d = 2622 - m. Let r = d - -3731. Is r composite?
True
Suppose -101*z - 65*z = -137411314. Is z composite?
False
Let v = 27559 - 15461. Suppose -5*j + v = -3*s, 3*j - 3461 = -3*s + 3793. Is j a prime number?
False
Let t = -3260 + 6190. Let l = t + 1679. Is l prime?
False
Let y be 18/4 - (-7 - -8)/2. Suppose -p + w - 3*w = 66, -y*w + 300 = -4*p. Is 13586/14 - (2 + p/28) composite?
False
Suppose 60 = -5*x + 80. Is 3*(24530/15 + x) - -1 composite?
False
Let t be (-2)/8 + 1215/108. Suppose t*j = 14*j - 29271. Is j a composite number?
True
Suppose m = 2*l + 10, -3*l - 15 + 3 = 0. Let u(p) = -76*p**3 + 2*p - 1. Let j be u(m). Let c = j - -900. Is c composite?
True
Let y(m) = -2*m - 16. Let a be y(-11). Is (-103417)/(-114) - 1/a prime?
True
Let c(v) = 39*v**3 - 37*v**2 + 297*v + 77. Is c(24) a composite number?
False
Suppose -1233871 = -1497*h + 1489*h + 727465. Is h a prime number?
False
Let r(n) = -111*n + 23. Let l(d) = d**2 - 21*d + 94. Let a be l(14). Is r(a) a prime number?
True
Let x = -181124 + 255465. Is x prime?
False
Let z(n) = 170*n + 15. Let h be z(-7). Let w = h + 2294. Suppose -3*i + 2*q + w = 0, -i + 373 = -0*i - 4*q. Is i a prime number?
True
Suppose 86*b + 129074 = 89*b + i, 3*i = 15. Is b a composite number?
True
Suppose -4351 = 4*k - 5*t, -2*k - k + t - 3255 = 0. Let x = 1587 - k. Is x a prime number?
True
Let a(c) = -174*c**2 - 21*c + 1. Let w be a(-8). Let j = w + 16122. Is j prime?
False
Let o = 1216685 + -579578. Is o a composite number?
True
Let g = -57 + 93. Is 8/36 - (-124372)/g a prime number?
False
Let x = -61 + 70. Suppose -4*v - 390 = x*v. Is ((-2)/(v/(-115)))/((-2)/30) a composite number?
True
Let s(i) = 28 + 128*i**2 + 4*i - 15 - 22*i**2 + 78*i**2 - 14. Is s(-4) a prime number?
True
Suppose 0 = -4*d + 9*d - 50. Let j(o) = 2*o**3 - 7*o**2 - 18*o - 12. Let u be j(d). Let c = 1791 - u. Is c composite?
False
Suppose 0 = d + 31 - 959. Suppose 0*a - 4*t = 4*a - d, -4*a = -2*t - 958. Is a a composite number?
True
Let g(z) = 221*z**3 + z**2 + 3*z - 2. Let r be g(1). Let v = r - -336. Is v a prime number?
False
Suppose 29*v - 28*v - 2*p - 1112193 = 0, -2*v + 3*p + 2224382 = 0. Is v prime?
False
Suppose 76*c - 28*c + 5*c = 14214441. Is c a prime number?
False
Suppose -3*b = -5*f - 86903, 97229 = 3*b + f + 10350. Is b prime?
True
Let h(t) be the third derivative of -29*t**4/12 + 21*t**3/2 + 3*t**2. Let x(o) = o**3 - 7*o**2 - o + 39. Let j be x(5). Is h(j) a composite number?
False
Let y be ((-1458)/12 + -2)*-4. Let k = -7131 - -16930. Suppose -5*x + k = y. Is x a prime number?
True
Suppose p - 4*o - 31 = 0, 0*p + 5*o - 30 = -5*p. Let t(c) = 25 + 102*c + 101*c - 200*c. Is t(p) prime?
False
Suppose -22070 = -4*h + 20622. Is h composite?
True
Let s(r) = -665*r + 10. Let y be s(-7). Suppose 2*l + 6 = 0, 2*z + 0*l + 5*l - 47 = 0. Suppose -28*j = -z*j + y. Is j composite?
True
Suppose -5*j - 321732 = -1048697. Is j a composite number?
True
Is 1*-1*6 + -34 + 57525 a prime number?
False
Is 4/38 - (-454877)/19 composite?
True
Let g(p) = p**3 - 5*p**2 - 2*p - 41. Let v be ((-2 - 0) + 6)*3. Is g(v) composite?
True
Let d(b) = 5*b**3 + 6*b**2 + 3*b + 5. Let m(n) = 15*n**3 + 17*n**2 + 8*n + 16. Let c(q) = 7*d(q) - 2*m(q). Is c(5) composite?
False
Let n = -158 - -178. Suppose -8088 = n*x - 32*x. Is x prime?
False
Suppose -4*o + 9 = 17. Let l be (-1 + 2)/((4/2962)/o). Let p = 2842 + l. Is p composite?
False
Let f(j) = -2097*j + 197. Suppose -3*n = h + 15, 0*n = -5*h - 2*n - 62. Is f(h) a composite number?
True
Is ((-36)/216)/((-3)/612702) composite?
False
Suppose -2*m = 2*m - 2*f - 8264, 3*m + 4*f - 6209 = 0. Suppose -7*a + m + 82 = 0. Is a composite?
False
Let d(q) = 2634*q**3 - 2*q**2 - 279*q + 1095. Is d(4) prime?
True
Let u(j) = 2*j + 1. Let d(h) = 31*h - 5. Let r(l) = d(l) + 2*u(l). Is r(2) prime?
True
Let n = -6231 - -8843. Suppose -8*j = -21276 + n. Is j a composite number?
False
Suppose 728 = 12*k - 136. Let s = 69 - k. Is (14 + (-3 - -2))/(s/(-267)) prime?
False
Suppose 3*a + 3333 = 3*f, -6*f + a - 5585 = -11*f. Let w = 2939 - f. Is w a prime number?
True
Let v(m) = -m**3 - 17*m**2 + 82*m - 273. Is v(-40) prime?
True
Let z(i) = -19*i + 18. Let c be z(2). Suppose p - 3*p - 24 = -2*o, p = 0. Is 7369/(o/c + 24/15) composite?
False
Suppose 131681 + 47559 = 4*g. Let y = g + 143. Is y a composite number?
False
Suppose 3*u - 16 = -50*n + 51*n, -2*n - 17 = -3*u. Is 297 + n - (5 + 2 + -4) a prime number?
True
Is 2743975/78*1 + (-1)/6 prime?
False
Let l = -2385 - -3496. Suppose 5*p + 823 + 562 = 5*s, -s = -4*p - l. Let j = p + 1471. Is j a composite number?
False
Suppose -38*b - 134 = -37*b. Let h = 385 + b. Is h composite?
False
Let w = -204839 + 289270. Is w a prime number?
True
Suppose -5*r + 157275 = 592*m - 587*m, -m + 31463 = -3*r. Is m prime?
False
Let l = -12 + 17. Let c = l + -11. Is (-790)/5*(6/2)/c a composite number?
False
Let z(l) = 3*l + 17. Let t be z(-5). Let q(h) = -4*h - 12. Let c be q(-4). Suppose -t*j - 598 = -c*x, -4*x = 8*j - 4*j - 592. Is x composite?
False
Suppose 2*b - 189903 = -z